{"id":22955,"date":"2025-07-23T13:42:45","date_gmt":"2025-07-23T12:42:45","guid":{"rendered":"https:\/\/www.sclbadenbaden.de\/?page_id=22955"},"modified":"2025-07-24T10:00:16","modified_gmt":"2025-07-24T09:00:16","slug":"schueler-und-jugend-sportabzeichen","status":"publish","type":"page","link":"https:\/\/www.sclbadenbaden.de\/?page_id=22955","title":{"rendered":"U18: Sch\u00fcler-Sportabzeichen"},"content":{"rendered":"\n<figure class=\"wp-block-image size-large\"><a href=\"https:\/\/www.sclbadenbaden.de\/wp-content\/uploads\/2025\/07\/250723-SCL-Anzeige-Sportabzeichen.jpg\"><img loading=\"lazy\" decoding=\"async\" width=\"1024\" height=\"895\" src=\"https:\/\/www.sclbadenbaden.de\/wp-content\/uploads\/2025\/07\/250723-SCL-Anzeige-Sportabzeichen-1024x895.jpg\" alt=\"\" class=\"wp-image-22979\" srcset=\"https:\/\/www.sclbadenbaden.de\/wp-content\/uploads\/2025\/07\/250723-SCL-Anzeige-Sportabzeichen-1024x895.jpg 1024w, https:\/\/www.sclbadenbaden.de\/wp-content\/uploads\/2025\/07\/250723-SCL-Anzeige-Sportabzeichen-300x262.jpg 300w, https:\/\/www.sclbadenbaden.de\/wp-content\/uploads\/2025\/07\/250723-SCL-Anzeige-Sportabzeichen-150x131.jpg 150w, https:\/\/www.sclbadenbaden.de\/wp-content\/uploads\/2025\/07\/250723-SCL-Anzeige-Sportabzeichen-768x671.jpg 768w, https:\/\/www.sclbadenbaden.de\/wp-content\/uploads\/2025\/07\/250723-SCL-Anzeige-Sportabzeichen-1536x1343.jpg 1536w, https:\/\/www.sclbadenbaden.de\/wp-content\/uploads\/2025\/07\/250723-SCL-Anzeige-Sportabzeichen-2048x1790.jpg 2048w\" sizes=\"auto, (max-width: 1024px) 100vw, 1024px\" \/><\/a><\/figure>\n\n\n\n<p class=\"has-text-align-center has-luminous-vivid-amber-background-color has-background\">Sch\u00fcler- und Jugend Sportabzeichen-Tag: Samstag, 27. September 10 &#8211; 13 Uhr Aumattstadion<\/p>\n\n\n\n<p class=\"has-text-align-center has-luminous-vivid-amber-background-color has-background\">Mach Dein Sportabzeichen. Mit diesem Sport-Award hast Du was f\u00fcrs Leben. Du zeigst Kraft, Ausdauer, Schnelligkeit und Bewegungstalent (Koordination)<\/p>\n\n\n\n<p class=\"has-pale-cyan-blue-background-color has-background\"><strong><em>Wer kann mitmachen?<\/em><\/strong>&nbsp;Alle Jugendliche von 6 bis 17 Jahren (Jahrg\u00e4nge 2008 bis 2019)<\/p>\n\n\n\n<p class=\"has-light-green-cyan-background-color has-background\"><strong><em>Kann ich auch mitmachen, wenn ich nicht Mitglied im SCL Heel bin?<\/em>&nbsp;<\/strong>Ja \u2013 jeder ist eingeladen<\/p>\n\n\n\n<p class=\"has-pale-cyan-blue-background-color has-background\"><strong><em>Kostet es etwas das Sportabzeichen zu machen?<\/em><\/strong>&nbsp;Nein \u2013 das Sportabzeichen ist kostenfrei<\/p>\n\n\n\n<p class=\"has-light-green-cyan-background-color has-background\"><strong><em>Was muss ich machen?<\/em><\/strong>&nbsp;Werfen, springen, rennen, schwimmen<\/p>\n\n\n\n<p class=\"has-pale-cyan-blue-background-color has-background\"><strong><em>Wo bekomme ich das Schwimmabzeichen?<\/em><\/strong>&nbsp;Beim Bademeister im Schwimmbad. Zum Sportabzeichen-Tag musst Du diesen&nbsp;<a href=\"https:\/\/cdn.dosb.de\/Relaunch_2024\/Sportabzeichen\/Materialien_2025\/DSA-Schwimmnachweis_2025_beschreibbar.pdf\" target=\"_blank\" rel=\"noreferrer noopener\">Schwimmnachweis&nbsp;<\/a>&nbsp;mitbringen.<\/p>\n\n\n\n<p class=\"has-light-green-cyan-background-color has-background\"><strong><em>Kann ich zwischen verschiedenen \u00dcbungen ausw\u00e4hlen?<\/em><\/strong>&nbsp;Ja \u2013 4 sportliche Aufgaben sind zu erf\u00fcllen. Beim Thema Kraft hast Du die Wahl zwischen Ballwerfen, Medizinballsto\u00dfen oder Standweitsprung. F\u00fcr Ausdauer l\u00e4ufst Du 800 Meter, F\u00fcr Schnelligkeit musst Du je nach Alter 30, 50 oder 100 Meter sprinten. F\u00fcr Koordination kannst Du Weitspringen, Hochspringen oder Seilspringen.<\/p>\n\n\n\n<p class=\"has-pale-cyan-blue-background-color has-background\"><strong><em>Muss ich mich anmelden?<\/em><\/strong>&nbsp;Ja bitte, Voranmeldung per Mail an scl_heel@t-online.de bis Montag, 22. September<\/p>\n\n\n\n<p class=\"has-light-green-cyan-background-color has-background\"><strong><em>Wann beginnt die Sportabzeichen-Pr\u00fcfung?<\/em><\/strong>&nbsp;Sei bitte am 27. September p\u00fcnktlich um 10 Uhr im Aumattstadion und bringe den Schwimm-Nachweis mit.<\/p>\n\n\n\n<p class=\"has-pale-cyan-blue-background-color has-background\"><strong><em>Was bringt mir das Sportabzeichen?<\/em><\/strong>&nbsp;Du zeigst, dass Du sportlich was drauf hast. Besonders wertvoll wird das Abzeichen, wenn Du es jedes Jahr machst und Du irgendwann mal eine stattlich Sammlung hast. \u00dcbrigens: F\u00fcr manche Berufe im \u00f6ffentlichen Dienst (z.B. Polizei) ist da Sportabzeichen Voraussetzung.<\/p>\n\n\n\n<div data-wp-interactive=\"core\/file\" class=\"wp-block-file\"><object data-wp-bind--hidden=\"!state.hasPdfPreview\" hidden class=\"wp-block-file__embed\" data=\"https:\/\/www.sclbadenbaden.de\/wp-content\/uploads\/2025\/07\/DSA-Schwimmnachweis_2025_beschreibbar-1.pdf\" type=\"application\/pdf\" style=\"width:100%;height:600px\" aria-label=\"Einbettung von DSA-Schwimmnachweis_2025_beschreibbar.\"><\/object><a id=\"wp-block-file--media-0bbd881b-8c3a-499e-8047-836e28ce76ba\" href=\"https:\/\/www.sclbadenbaden.de\/wp-content\/uploads\/2025\/07\/DSA-Schwimmnachweis_2025_beschreibbar-1.pdf\">DSA-Schwimmnachweis_2025_beschreibbar<\/a><a href=\"https:\/\/www.sclbadenbaden.de\/wp-content\/uploads\/2025\/07\/DSA-Schwimmnachweis_2025_beschreibbar-1.pdf\" class=\"wp-block-file__button wp-element-button\" download aria-describedby=\"wp-block-file--media-0bbd881b-8c3a-499e-8047-836e28ce76ba\">Herunterladen<\/a><\/div>\n\n\n\n<div data-wp-interactive=\"core\/file\" class=\"wp-block-file\"><object data-wp-bind--hidden=\"!state.hasPdfPreview\" hidden class=\"wp-block-file__embed\" data=\"https:\/\/www.sclbadenbaden.de\/wp-content\/uploads\/2025\/07\/DSA_Leistungsuebersicht_KiJu_A4_2023-1.pdf\" type=\"application\/pdf\" style=\"width:100%;height:600px\" aria-label=\"Einbettung von DSA_Leistungsuebersicht_KiJu_A4_2023.\"><\/object><a id=\"wp-block-file--media-baf74656-6edd-4d95-a506-5d6dbba0de54\" href=\"https:\/\/www.sclbadenbaden.de\/wp-content\/uploads\/2025\/07\/DSA_Leistungsuebersicht_KiJu_A4_2023-1.pdf\">DSA_Leistungsuebersicht_KiJu_A4_2023<\/a><a href=\"https:\/\/www.sclbadenbaden.de\/wp-content\/uploads\/2025\/07\/DSA_Leistungsuebersicht_KiJu_A4_2023-1.pdf\" class=\"wp-block-file__button wp-element-button\" download aria-describedby=\"wp-block-file--media-baf74656-6edd-4d95-a506-5d6dbba0de54\">Herunterladen<\/a><\/div>\n","protected":false},"excerpt":{"rendered":"<p>Sch\u00fcler- und Jugend Sportabzeichen-Tag: Samstag, 27. September 10 &#8211; 13 Uhr Aumattstadion Mach Dein Sportabzeichen. Mit diesem Sport-Award hast Du was f\u00fcrs Leben. Du zeigst Kraft, Ausdauer, Schnelligkeit und Bewegungstalent (Koordination) Wer kann mitmachen?&nbsp;Alle Jugendliche von 6 bis 17 Jahren (Jahrg\u00e4nge 2008 bis 2019) Kann ich auch mitmachen, wenn ich nicht Mitglied im SCL Heel [&hellip;]<\/p>\n","protected":false},"author":20,"featured_media":0,"parent":0,"menu_order":4,"comment_status":"closed","ping_status":"closed","template":"","meta":{"footnotes":""},"class_list":["post-22955","page","type-page","status-publish","hentry"],"_links":{"self":[{"href":"https:\/\/www.sclbadenbaden.de\/index.php?rest_route=\/wp\/v2\/pages\/22955","targetHints":{"allow":["GET"]}}],"collection":[{"href":"https:\/\/www.sclbadenbaden.de\/index.php?rest_route=\/wp\/v2\/pages"}],"about":[{"href":"https:\/\/www.sclbadenbaden.de\/index.php?rest_route=\/wp\/v2\/types\/page"}],"author":[{"embeddable":true,"href":"https:\/\/www.sclbadenbaden.de\/index.php?rest_route=\/wp\/v2\/users\/20"}],"replies":[{"embeddable":true,"href":"https:\/\/www.sclbadenbaden.de\/index.php?rest_route=%2Fwp%2Fv2%2Fcomments&post=22955"}],"version-history":[{"count":11,"href":"https:\/\/www.sclbadenbaden.de\/index.php?rest_route=\/wp\/v2\/pages\/22955\/revisions"}],"predecessor-version":[{"id":22982,"href":"https:\/\/www.sclbadenbaden.de\/index.php?rest_route=\/wp\/v2\/pages\/22955\/revisions\/22982"}],"wp:attachment":[{"href":"https:\/\/www.sclbadenbaden.de\/index.php?rest_route=%2Fwp%2Fv2%2Fmedia&parent=22955"}],"curies":[{"name":"wp","href":"https:\/\/api.w.org\/{rel}","templated":true}]}}