{"id":19420,"date":"2023-07-13T10:14:03","date_gmt":"2023-07-13T09:14:03","guid":{"rendered":"https:\/\/www.sclbadenbaden.de\/?page_id=19420"},"modified":"2026-04-18T09:18:39","modified_gmt":"2026-04-18T08:18:39","slug":"deutsches-sportabzeichen","status":"publish","type":"page","link":"https:\/\/www.sclbadenbaden.de\/?page_id=19420","title":{"rendered":"\u00dc18: Sportabzeichen f\u00fcr Erwachsene"},"content":{"rendered":"\n<p>Sportabzeichen-Training ab April 2025<\/p>\n\n\n\n<p><mark style=\"background-color:rgba(0, 0, 0, 0);color:#086da7\" class=\"has-inline-color\">Unser <strong>beitragspflichtiges<\/strong> Sportabzeichen-Training (<strong>50 Euro pro Saison<\/strong>) findet immer montags ab 18 Uhr im Aumattstadion statt. Trainer sind J\u00f6rg und Monika Falk.<\/mark><\/p>\n\n\n\n<p>Du musst in 5 Kategorien Power zeigen: Ausdauer &#8211; Kraft &#8211; Schnelligkeit &#8211; Koordination &#8211; Schwimmen<\/p>\n\n\n\n<p>(mehr zum Schwimmen \/ Schwimmnachweis siehe unten)<\/p>\n\n\n\n<div data-wp-interactive=\"core\/file\" class=\"wp-block-file\"><object data-wp-bind--hidden=\"!state.hasPdfPreview\" hidden class=\"wp-block-file__embed\" data=\"https:\/\/sclbadenbaden.de\/wp-content\/uploads\/2023\/07\/DSA_Poster_Zielerfuellung_Erwachsene_A3_2023.pdf\" type=\"application\/pdf\" style=\"width:100%;height:600px\" aria-label=\"Einbettung von DSA_Poster_Zielerfuellung_Erwachsene_A3_2023.\"><\/object><a id=\"wp-block-file--media-2fafae92-c0d9-45b5-afd9-7656f93d66c5\" href=\"https:\/\/sclbadenbaden.de\/wp-content\/uploads\/2023\/07\/DSA_Poster_Zielerfuellung_Erwachsene_A3_2023.pdf\">DSA_Poster_Zielerfuellung_Erwachsene_A3_2023<\/a><a href=\"https:\/\/sclbadenbaden.de\/wp-content\/uploads\/2023\/07\/DSA_Poster_Zielerfuellung_Erwachsene_A3_2023.pdf\" class=\"wp-block-file__button wp-element-button\" download aria-describedby=\"wp-block-file--media-2fafae92-c0d9-45b5-afd9-7656f93d66c5\">Herunterladen<\/a><\/div>\n\n\n\n<div data-wp-interactive=\"core\/file\" class=\"wp-block-file\"><object data-wp-bind--hidden=\"!state.hasPdfPreview\" hidden class=\"wp-block-file__embed\" data=\"https:\/\/sclbadenbaden.de\/wp-content\/uploads\/2023\/07\/DSA_Poster_Zielerfuellung_KiJu_A3_2023.pdf\" type=\"application\/pdf\" style=\"width:100%;height:600px\" aria-label=\"Einbettung von DSA_Poster_Zielerfuellung_KiJu_A3_2023.\"><\/object><a id=\"wp-block-file--media-7cfdab78-cd4f-4a0a-9568-9d40e45d8dac\" href=\"https:\/\/sclbadenbaden.de\/wp-content\/uploads\/2023\/07\/DSA_Poster_Zielerfuellung_KiJu_A3_2023.pdf\">DSA_Poster_Zielerfuellung_KiJu_A3_2023<\/a><a href=\"https:\/\/sclbadenbaden.de\/wp-content\/uploads\/2023\/07\/DSA_Poster_Zielerfuellung_KiJu_A3_2023.pdf\" class=\"wp-block-file__button wp-element-button\" download aria-describedby=\"wp-block-file--media-7cfdab78-cd4f-4a0a-9568-9d40e45d8dac\">Herunterladen<\/a><\/div>\n\n\n\n<p>Zum Schwimmen bitte vorab ins Schwimmbad gehen; bitte den Bademeister, Dich zu stoppen und Dir den <strong><mark style=\"background-color:rgba(0, 0, 0, 0)\" class=\"has-inline-color has-vivid-red-color\">Schwimmnachweis<\/mark><\/strong> (siehe unten) auszuh\u00e4ndigen. <strong><mark style=\"background-color:rgba(0, 0, 0, 0)\" class=\"has-inline-color has-vivid-red-color\">Den Schwimmnachweis zum X-press-Sportabzeichen unbedingt mitbringen<\/mark><\/strong>. <\/p>\n\n\n\n<p>Im Aumattstadion kannst Du dann aus den Kategorien ! <mark style=\"background-color:rgba(0, 0, 0, 0);color:#e01f1f\" class=\"has-inline-color\"><strong>Ausdauer &#8211; Kraft &#8211; Schnelligkeit &#8211; Koordination<\/strong><\/mark> ! jeweils eine Disziplin ausw\u00e4hlen (au\u00dfer Radfahren). Die erforderlichen Mindestleistungen f\u00fcr Gold &#8211; Silber &#8211; Bronze stehen in den Tabellen.<\/p>\n\n\n\n<p>Wir freuen uns auf Dich<\/p>\n\n\n\n<p>Dein SCL Heel<\/p>\n\n\n\n<div data-wp-interactive=\"core\/file\" class=\"wp-block-file\"><object data-wp-bind--hidden=\"!state.hasPdfPreview\" hidden class=\"wp-block-file__embed\" data=\"https:\/\/sclbadenbaden.de\/wp-content\/uploads\/2023\/07\/DSA_Schwimmnachweis_2021_beschreibbar.pdf\" type=\"application\/pdf\" style=\"width:100%;height:600px\" aria-label=\"Einbettung von DSA_Schwimmnachweis_2021_beschreibbar.\"><\/object><a id=\"wp-block-file--media-c83746a3-528a-44be-a50c-42071bb2c227\" href=\"https:\/\/sclbadenbaden.de\/wp-content\/uploads\/2023\/07\/DSA_Schwimmnachweis_2021_beschreibbar.pdf\">DSA_Schwimmnachweis_2021_beschreibbar<\/a><a href=\"https:\/\/sclbadenbaden.de\/wp-content\/uploads\/2023\/07\/DSA_Schwimmnachweis_2021_beschreibbar.pdf\" class=\"wp-block-file__button wp-element-button\" download aria-describedby=\"wp-block-file--media-c83746a3-528a-44be-a50c-42071bb2c227\">Herunterladen<\/a><\/div>\n","protected":false},"excerpt":{"rendered":"<p>Sportabzeichen-Training ab April 2025 Unser beitragspflichtiges Sportabzeichen-Training (50 Euro pro Saison) findet immer montags ab 18 Uhr im Aumattstadion statt. Trainer sind J\u00f6rg und Monika Falk. Du musst in 5 Kategorien Power zeigen: Ausdauer &#8211; Kraft &#8211; Schnelligkeit &#8211; Koordination &#8211; Schwimmen (mehr zum Schwimmen \/ Schwimmnachweis siehe unten) Zum Schwimmen bitte vorab ins Schwimmbad [&hellip;]<\/p>\n","protected":false},"author":20,"featured_media":0,"parent":0,"menu_order":4,"comment_status":"closed","ping_status":"closed","template":"","meta":{"footnotes":""},"class_list":["post-19420","page","type-page","status-publish","hentry"],"_links":{"self":[{"href":"https:\/\/www.sclbadenbaden.de\/index.php?rest_route=\/wp\/v2\/pages\/19420","targetHints":{"allow":["GET"]}}],"collection":[{"href":"https:\/\/www.sclbadenbaden.de\/index.php?rest_route=\/wp\/v2\/pages"}],"about":[{"href":"https:\/\/www.sclbadenbaden.de\/index.php?rest_route=\/wp\/v2\/types\/page"}],"author":[{"embeddable":true,"href":"https:\/\/www.sclbadenbaden.de\/index.php?rest_route=\/wp\/v2\/users\/20"}],"replies":[{"embeddable":true,"href":"https:\/\/www.sclbadenbaden.de\/index.php?rest_route=%2Fwp%2Fv2%2Fcomments&post=19420"}],"version-history":[{"count":17,"href":"https:\/\/www.sclbadenbaden.de\/index.php?rest_route=\/wp\/v2\/pages\/19420\/revisions"}],"predecessor-version":[{"id":23467,"href":"https:\/\/www.sclbadenbaden.de\/index.php?rest_route=\/wp\/v2\/pages\/19420\/revisions\/23467"}],"wp:attachment":[{"href":"https:\/\/www.sclbadenbaden.de\/index.php?rest_route=%2Fwp%2Fv2%2Fmedia&parent=19420"}],"curies":[{"name":"wp","href":"https:\/\/api.w.org\/{rel}","templated":true}]}}