{"id":15546,"date":"2020-01-25T19:27:10","date_gmt":"2020-01-25T18:27:10","guid":{"rendered":"https:\/\/www.sclbadenbaden.de\/?page_id=15546"},"modified":"2021-05-25T13:23:21","modified_gmt":"2021-05-25T12:23:21","slug":"top-ergebnisse-2020","status":"publish","type":"page","link":"https:\/\/www.sclbadenbaden.de\/?page_id=15546","title":{"rendered":"SCL Tops_2020"},"content":{"rendered":"\n<div class=\"wp-block-group has-background\" style=\"background-color:#f0a708\"><div class=\"wp-block-group__inner-container is-layout-flow wp-block-group-is-layout-flow\">\n<p><strong>M\u00e4nner<\/strong><\/p>\n<\/div><\/div>\n\n\n\n<p><strong>Justus Baumgarten <\/strong>&gt; <\/p>\n\n\n\n<ul class=\"wp-block-list\"><li><strong>Deutscher Hallen-Vizemeister 400 Meter der M\u00e4nner &#8211; 47,51 Halbfinale, 47,64 Sekunden Finale<\/strong> &#8211; 23.2. Leipzig &#8211; <a href=\"https:\/\/www.leichtathletik.de\/termine\/top-events\/hallen-dm-2020-leipzig-live\">Ergebnisliste<\/a><\/li><li><strong>baden-w\u00fcrttembergischer Meister 400 Meter Halle &#8211; 48,29 Sekunden<\/strong> &#8211; 25.1. Mannheim &#8211; <a href=\"https:\/\/ergebnisse.leichtathletik.de\/Competitions\/CurrentList\/180936\/2812\">Ergebnisliste<\/a>  <\/li><li>2. baden-w\u00fcrttembergische Meisterschaften 200 Meter der M\u00e4nner &#8211; 21,97 Sekunden &#8211; 26.1. Mannheim &#8211; <a href=\"https:\/\/ergebnisse.leichtathletik.de\/Competitions\/CurrentList\/180906\/2812\">Ergebnisliste<\/a><\/li><li>S\u00fcddeutscher Vizemeister 400 Meter M\u00e4nner Halle &#8211; 48,18 (Vorlauf 48,15) Sekunden &#8211; 8.2. Sindelfingen &#8211; <a href=\"https:\/\/ladv.de\/ergebnisse\/53146\/S%C3%BCddeutsche-Hallenmeisterschaften-Aktive--U18-Gesamtergebnisliste-Sindelfingen-2020.htm#M\">Ergebnisliste<\/a><\/li><li>9. deutsche Meisterschaften 400 Meter &#8211; 47,48 Sekunden<\/li><\/ul>\n\n\n\n<p><strong>Carl Dohmann<\/strong> &gt;<\/p>\n\n\n\n<ul class=\"wp-block-list\"><li> EA-Meeting Podebrady \/ Tschechien 20 km Gehen &#8211; 1:22,41 &#8211; 10.10.2020 <\/li><li> 2. BM 20 km Stra\u00dfengehen &#8211; 1:30,31 Stunden &#8211; 18.10. Biberach <\/li><\/ul>\n\n\n\n<p><strong>Michael Winter<\/strong> &gt;<strong> 2. baden-w\u00fcrttembergischer Meister Hochsprung M30 &#8211; 1,72 Meter<\/strong> &#8211; 25.1. Sindelfingen &#8211; <a href=\"https:\/\/ergebnisse.leichtathletik.de\/Competitions\/Resultoverview\/2803#M30\">Ergebnisliste<\/a><\/p>\n\n\n\n<p><strong>Marcus Siegle<\/strong> &gt; 3. baden-w\u00fcrttembergische Meisterschaften M55 \u00fcber 60 Meter &#8211; 8,40 Sekunden &#8211; 25.1. Sindelfingen &#8211; <a href=\"https:\/\/ergebnisse.leichtathletik.de\/Competitions\/Resultoverview\/2803#M55\">Ergebnisliste<\/a><\/p>\n\n\n\n<div class=\"wp-block-group has-background\" style=\"background-color:#6ec10f\"><div class=\"wp-block-group__inner-container is-layout-flow wp-block-group-is-layout-flow\">\n<p><strong>Frauen<\/strong><\/p>\n<\/div><\/div>\n\n\n\n<p><\/p>\n\n\n\n<p><strong>Julia Bossert<\/strong> &gt; <strong>baden-w\u00fcrttembergische Meisterin W40 \u00fcber 400 Meter &#8211; 1:14,03 und 800 Meter &#8211; 2:49,35 Minuten<\/strong> &#8211; 25.1. Sindelfingen &#8211; <a href=\"https:\/\/ergebnisse.leichtathletik.de\/Competitions\/Resultoverview\/2803#W40\">Ergebnisliste<\/a><\/p>\n\n\n\n<p><strong>Bianca Maria Dittrich &gt; <\/strong><\/p>\n\n\n\n<ul class=\"wp-block-list\"><li> <strong>badische Meisterin 10 km Stra\u00dfengehen &#8211; 52:35 Minuten &#8211; 18.10.  Biberach<\/strong> <a href=\"https:\/\/ladv.de\/ergebnis\/datei\/56024\">Ergebnisliste<\/a><\/li><li> Kreisrekord 20 km Stra\u00dfengehen 1:45,30   Stunden &#8211; 18.10.Biberach  <\/li><\/ul>\n\n\n\n<p><strong>Birgit Marzluf <\/strong>&gt; 3. baden-w\u00fcrttembergische Meisterschaften W50 \u00fcber 3000 Meter &#8211; 12:25,79 Minuten &#8211; 25.1.Sindelfingen &#8211; <a href=\"https:\/\/ergebnisse.leichtathletik.de\/Competitions\/Resultoverview\/2803#W50\">Ergebnisliste<\/a><\/p>\n\n\n\n<p><strong>Leia Braunagel<\/strong> <\/p>\n\n\n\n<ul class=\"wp-block-list\"><li> <strong>baden-w\u00fcrttembergische Meisterin Diskus Frauen &#8211; 50,72 Meter &#8211;<a href=\"https:\/\/bestenliste.leichtathletik.de\/Performances?performanceList=4ccb20ca-2309-4462-9f18-ef1cf06db244&amp;eventcode=DIS&amp;classcode=W&amp;environment=1&amp;year=2020&amp;showForeigners=1\">Ergebnisliste<\/a>  <\/strong><\/li><li>8. deutsche Meisterschaften Diskus Frauen &#8211; 48,61 Meter. &#8212; <\/li><li>7. S\u00fcddeutsche Meisterschaften Frauen im Kugelsto\u00dfen &#8211; 12,97 Meter &#8211; 8.2. Sindelfingen &#8211; <a href=\"https:\/\/ladv.de\/ergebnisse\/53146\/S%C3%BCddeutsche-Hallenmeisterschaften-Aktive--U18-Gesamtergebnisliste-Sindelfingen-2020.htm#M\">Ergebnisliste<\/a> <\/li><\/ul>\n\n\n\n<p><\/p>\n","protected":false},"excerpt":{"rendered":"<p>M\u00e4nner Justus Baumgarten &gt; Deutscher Hallen-Vizemeister 400 Meter der M\u00e4nner &#8211; 47,51 Halbfinale, 47,64 Sekunden Finale &#8211; 23.2. Leipzig &#8211; Ergebnisliste baden-w\u00fcrttembergischer Meister 400 Meter Halle &#8211; 48,29 Sekunden &#8211; 25.1. Mannheim &#8211; Ergebnisliste 2. baden-w\u00fcrttembergische Meisterschaften 200 Meter der M\u00e4nner &#8211; 21,97 Sekunden &#8211; 26.1. Mannheim &#8211; Ergebnisliste S\u00fcddeutscher Vizemeister 400 Meter M\u00e4nner Halle [&hellip;]<\/p>\n","protected":false},"author":20,"featured_media":0,"parent":502,"menu_order":81,"comment_status":"closed","ping_status":"closed","template":"","meta":{"footnotes":""},"class_list":["post-15546","page","type-page","status-publish","hentry"],"_links":{"self":[{"href":"https:\/\/www.sclbadenbaden.de\/index.php?rest_route=\/wp\/v2\/pages\/15546","targetHints":{"allow":["GET"]}}],"collection":[{"href":"https:\/\/www.sclbadenbaden.de\/index.php?rest_route=\/wp\/v2\/pages"}],"about":[{"href":"https:\/\/www.sclbadenbaden.de\/index.php?rest_route=\/wp\/v2\/types\/page"}],"author":[{"embeddable":true,"href":"https:\/\/www.sclbadenbaden.de\/index.php?rest_route=\/wp\/v2\/users\/20"}],"replies":[{"embeddable":true,"href":"https:\/\/www.sclbadenbaden.de\/index.php?rest_route=%2Fwp%2Fv2%2Fcomments&post=15546"}],"version-history":[{"count":11,"href":"https:\/\/www.sclbadenbaden.de\/index.php?rest_route=\/wp\/v2\/pages\/15546\/revisions"}],"predecessor-version":[{"id":16415,"href":"https:\/\/www.sclbadenbaden.de\/index.php?rest_route=\/wp\/v2\/pages\/15546\/revisions\/16415"}],"up":[{"embeddable":true,"href":"https:\/\/www.sclbadenbaden.de\/index.php?rest_route=\/wp\/v2\/pages\/502"}],"wp:attachment":[{"href":"https:\/\/www.sclbadenbaden.de\/index.php?rest_route=%2Fwp%2Fv2%2Fmedia&parent=15546"}],"curies":[{"name":"wp","href":"https:\/\/api.w.org\/{rel}","templated":true}]}}